



{"id":57,"date":"2025-09-29T11:22:28","date_gmt":"2025-09-29T11:22:28","guid":{"rendered":"https:\/\/www.ersthelfersymposium.ch\/new\/?page_id=57"},"modified":"2025-11-09T10:17:42","modified_gmt":"2025-11-09T10:17:42","slug":"history-2","status":"publish","type":"page","link":"https:\/\/ersthelfersymposium.ch\/?page_id=57&lang=fr","title":{"rendered":"History"},"content":{"rendered":"\n<h1 class=\"wp-block-heading\">Symposiums pr\u00e9c\u00e9dents<\/h1>\n\n\n\n<hr class=\"wp-block-separator has-alpha-channel-opacity\"\/>\n\n\n\n<h3 class=\"wp-block-heading\">5. Symposium des Premiers Secouristes:\u00a0Secouristes &#8211; d\u00e9j\u00e0 un pied en prison ?<\/h3>\n\n\n\n<h4 class=\"wp-block-heading\">8 novembre 2025, Luzernersaal KKL Luzern<\/h4>\n\n\n\n<p>Il existe de nombreux aspects juridiques li\u00e9s aux premiers secours : le comportement \u00e0 adopter sur les lieux de l&#8217;accident, l&#8217;utilisation des m\u00e9dias, l\u2019administration de m\u00e9dicaments et bien d&#8217;autres choses encore. Il est certes peu probable que les secouristes aillent en prison. Mais comment sont organis\u00e9s les premiers secours dans une prison ? Ces questions ont trouv\u00e9 r\u00e9ponse lors du symposium sur les premiers secours qui s&#8217;est tenu le 8 novembre 2025.<br><br><a href=\"https:\/\/ersthelfersymposium.ch\/?page_id=1693&amp;lang=fr\" data-type=\"page\" data-id=\"1693\">Les conf\u00e9renciers \/ Documents \/ Galerie<\/a><\/p>\n\n\n\n<hr class=\"wp-block-separator has-alpha-channel-opacity\"\/>\n\n\n\n<h3 class=\"wp-block-heading\">4. Symposium des Premiers Secouristes:&nbsp;Femmes et hommes &#8211; diff\u00e9rences m\u00e9dicales et socioculturelles dans les premiers secours<\/h3>\n\n\n\n<h4 class=\"wp-block-heading\">26 octobre 2024, Auditorium KKL Luzern<\/h4>\n\n\n\n<p>Saviez-vous que les femmes enceintes doivent absolument \u00eatre laiss\u00e9es de c\u00f4t\u00e9 ? Bien s\u00fbr, cela ne vaut qu&#8217;autour de la position lat\u00e9rale de s\u00e9curit\u00e9. Mais c&#8217;est loin d&#8217;\u00eatre la seule diff\u00e9rence m\u00e9dicale entre les femmes et les hommes lorsqu&#8217;il s&#8217;agit des premiers secours. Il existe aussi des diff\u00e9rences dans de nombreux autres domaines. Par exemple, l&#8217;homme ou la femme peuvent se sentir mal \u00e0 l&#8217;aise s&#8217;ils sont seuls \u00e0 prodiguer les premiers soins \u00e0 une femme ou si elle a du mal \u00e0 imaginer o\u00f9 il se sent mal ou autre. Les questions religieuses et les particularit\u00e9s peuvent \u00e9galement \u00eatre source d&#8217;incertitude. Nous parlerons de toutes ces diff\u00e9rences m\u00e9dicales et de tous ces d\u00e9fis socioculturels lors du Symposium des premiers secouristes 2024 !<br><br><a href=\"https:\/\/www.ersthelfersymposium.ch\/?page_id=1589&amp;lang=fr\" data-type=\"page\" data-id=\"1589\">Les conf\u00e9renciers \/ Documents \/ Galerie<\/a><\/p>\n\n\n\n<hr class=\"wp-block-separator has-alpha-channel-opacity\"\/>\n\n\n\n<h3 class=\"wp-block-heading\">3. Symposium des Premiers Secouristes: \u00c9valuation et traitement des plaies dans le service sanitaire<\/h3>\n\n\n\n<h4 class=\"wp-block-heading\">04 novembre 2023, Auditorium KKL Luzern<\/h4>\n\n\n\n<p>Certains secouristes et ambulanciers d&#8217;entreprise sont capables d&#8217;\u00e9valuer un polytraumatisme et de prodiguer les premiers soins appropri\u00e9s. Mais il en va souvent autrement pour l&#8217;\u00e9valuation et le traitement de plaies plus ou moins importantes. C&#8217;est pourquoi le troisi\u00e8me symposium des premiers secours, qui se tiendra le 4 novembre 2023 au KKL Luzern, sera pr\u00e9cis\u00e9ment consacr\u00e9 \u00e0 ce sujet. Les participants auront en outre la possibilit\u00e9 de s&#8217;entra\u00eener au traitement des plaies au cours des ateliers suivants.<br><br><a href=\"https:\/\/www.ersthelfersymposium.ch\/?page_id=1595&amp;lang=fr\" data-type=\"page\" data-id=\"1595\">Les conf\u00e9renciers \/ Documents \/ Galerie<\/a><\/p>\n\n\n\n<hr class=\"wp-block-separator has-alpha-channel-opacity\"\/>\n\n\n\n<h3 class=\"wp-block-heading\">2. Symposium des Premiers Secouristes:&nbsp;&nbsp;la coop\u00e9ration entre les services d&#8217;urgences<\/h3>\n\n\n\n<h4 class=\"wp-block-heading\">05 novembre 2022, Auditorium KKL Lucerne<\/h4>\n\n\n\n<p>En 2022, nous avons \u00e0 nouveau accueilli 270 participants au symposium et avons donc fait salle comble.&nbsp;Nous avons suivi le d\u00e9roulement d&#8217;un accident \u00e0 l&#8217;aide de la cha\u00eene de sauvetage. Des expos\u00e9s passionnants, pr\u00e9sent\u00e9s par des professionnels de haut niveau issus des diff\u00e9rentes organisations \u00e0 feu bleu, ont couvert l&#8217;ensemble du processus, de l&#8217;alerte \u00e0 la centrale d&#8217;appel d&#8217;urgence 144 au traitement v\u00e9cu apr\u00e8s une intervention, en passant par le service de sauvetage et les pompiers. Quatre conf\u00e9renciers de renom ont guid\u00e9 les participants \u00e0 travers ces th\u00e8mes pendant une heure.&nbsp;Apr\u00e8s chaque expos\u00e9, il restait beaucoup de temps et d&#8217;espace pour poser ses propres questions aux intervenants.&nbsp;<\/p>\n\n\n\n<p>Dans le foyer devant l&#8217;auditorium, 17 exposants proposaient des offres adapt\u00e9es \u00e0 ces th\u00e8mes, qu&#8217;il s&#8217;agisse de produits, de cours ou d&#8217;autres prestations.&nbsp;<br><br><a href=\"https:\/\/www.ersthelfersymposium.ch\/?page_id=1599&amp;lang=fr\" data-type=\"page\" data-id=\"1599\">Les conf\u00e9renciers \/ Documents \/ Galerie<\/a><\/p>\n\n\n\n<hr class=\"wp-block-separator has-alpha-channel-opacity\"\/>\n\n\n\n<h3 class=\"wp-block-heading\">1. Symposium des Premiers Secouristes:&nbsp; L&#8217;accent a \u00e9t\u00e9 mis sur les diff\u00e9rents types de blessures.<\/h3>\n\n\n\n<h4 class=\"wp-block-heading\">06 novembre 2021, Auditorium KKL Lucerne<br>&nbsp;<\/h4>\n\n\n\n<p>Les sanitaires d&#8217;enterprise&nbsp;, les samaritains, les secouristes et tous les autres secouristes et personnes int\u00e9ress\u00e9es par les premiers secours obtiennent une nouvelle plate-forme pour de nouvelles connaissances, de nouveaux contacts, de nouveaux produits et de nouveaux points de formation lors du symposium des secouristes.<br><br>En 2021, nous avons abord\u00e9 les th\u00e8mes des br\u00fblures, des blessures \u00e9lectriques, des blessures oculaires et des blessures dorsales. Quatre orateurs de renom ont abord\u00e9 ces th\u00e8mes de mani\u00e8re passionnante pendant une heure chacun.<\/p>\n\n\n\n<p>Apr\u00e8s chaque conf\u00e9rence, il y avait beaucoup de temps et d&#8217;espace pour poser des questions aux orateurs.&nbsp;<\/p>\n\n\n\n<p>Dans le foyer situ\u00e9 devant l&#8217;auditorium, un certain nombre d&#8217;exposants proposaient des offres adapt\u00e9es \u00e0 ces quatre th\u00e8mes, qu&#8217;il s&#8217;agisse de produits, de cours ou d&#8217;autres<br><br><a href=\"https:\/\/www.ersthelfersymposium.ch\/?page_id=1603&amp;lang=fr\" data-type=\"page\" data-id=\"1603\">Les conf\u00e9renciers \/ Documents \/ Galerie<\/a><\/p>\n\n\n\n<hr class=\"wp-block-separator has-alpha-channel-opacity\"\/>\n","protected":false},"excerpt":{"rendered":"<p>Symposiums pr\u00e9c\u00e9dents 5. Symposium des Premiers Secouristes:\u00a0Secouristes &#8211; d\u00e9j\u00e0 un pied en prison ? 8 novembre 2025, Luzernersaal KKL Luzern Il existe de nombreux aspects juridiques li\u00e9s aux premiers secours : le comportement \u00e0 adopter sur les lieux de l&#8217;accident, l&#8217;utilisation des m\u00e9dias, l\u2019administration de m\u00e9dicaments et bien d&#8217;autres choses encore. Il est certes peu [&hellip;]<\/p>\n","protected":false},"author":1,"featured_media":0,"parent":0,"menu_order":0,"comment_status":"closed","ping_status":"closed","template":"","meta":{"_acf_changed":false,"footnotes":""},"class_list":["post-57","page","type-page","status-publish","hentry"],"acf":[],"publishpress_future_action":{"enabled":false,"date":"2026-05-07 03:05:47","action":"change-status","newStatus":"draft","terms":[],"taxonomy":"language","extraData":[]},"publishpress_future_workflow_manual_trigger":{"enabledWorkflows":[]},"_links":{"self":[{"href":"https:\/\/ersthelfersymposium.ch\/index.php?rest_route=\/wp\/v2\/pages\/57","targetHints":{"allow":["GET"]}}],"collection":[{"href":"https:\/\/ersthelfersymposium.ch\/index.php?rest_route=\/wp\/v2\/pages"}],"about":[{"href":"https:\/\/ersthelfersymposium.ch\/index.php?rest_route=\/wp\/v2\/types\/page"}],"author":[{"embeddable":true,"href":"https:\/\/ersthelfersymposium.ch\/index.php?rest_route=\/wp\/v2\/users\/1"}],"replies":[{"embeddable":true,"href":"https:\/\/ersthelfersymposium.ch\/index.php?rest_route=%2Fwp%2Fv2%2Fcomments&post=57"}],"version-history":[{"count":7,"href":"https:\/\/ersthelfersymposium.ch\/index.php?rest_route=\/wp\/v2\/pages\/57\/revisions"}],"predecessor-version":[{"id":1700,"href":"https:\/\/ersthelfersymposium.ch\/index.php?rest_route=\/wp\/v2\/pages\/57\/revisions\/1700"}],"wp:attachment":[{"href":"https:\/\/ersthelfersymposium.ch\/index.php?rest_route=%2Fwp%2Fv2%2Fmedia&parent=57"}],"curies":[{"name":"wp","href":"https:\/\/api.w.org\/{rel}","templated":true}]}}

<h1 class="wp-block-heading">Symposiums précédents</h1>



<hr class="wp-block-separator has-alpha-channel-opacity"/>



<h3 class="wp-block-heading">5. Symposium des Premiers Secouristes: Secouristes &#8211; déjà un pied en prison ?</h3>



<h4 class="wp-block-heading">8 novembre 2025, Luzernersaal KKL Luzern</h4>



<p>Il existe de nombreux aspects juridiques liés aux premiers secours : le comportement à adopter sur les lieux de l&#8217;accident, l&#8217;utilisation des médias, l’administration de médicaments et bien d&#8217;autres choses encore. Il est certes peu probable que les secouristes aillent en prison. Mais comment sont organisés les premiers secours dans une prison ? Ces questions ont trouvé réponse lors du symposium sur les premiers secours qui s&#8217;est tenu le 8 novembre 2025.<br><br><a href="https://ersthelfersymposium.ch/?page_id=1693&amp;lang=fr" data-type="page" data-id="1693">Les conférenciers / Documents / Galerie</a></p>



<hr class="wp-block-separator has-alpha-channel-opacity"/>



<h3 class="wp-block-heading">4. Symposium des Premiers Secouristes:&nbsp;Femmes et hommes &#8211; différences médicales et socioculturelles dans les premiers secours</h3>



<h4 class="wp-block-heading">26 octobre 2024, Auditorium KKL Luzern</h4>



<p>Saviez-vous que les femmes enceintes doivent absolument être laissées de côté ? Bien sûr, cela ne vaut qu&#8217;autour de la position latérale de sécurité. Mais c&#8217;est loin d&#8217;être la seule différence médicale entre les femmes et les hommes lorsqu&#8217;il s&#8217;agit des premiers secours. Il existe aussi des différences dans de nombreux autres domaines. Par exemple, l&#8217;homme ou la femme peuvent se sentir mal à l&#8217;aise s&#8217;ils sont seuls à prodiguer les premiers soins à une femme ou si elle a du mal à imaginer où il se sent mal ou autre. Les questions religieuses et les particularités peuvent également être source d&#8217;incertitude. Nous parlerons de toutes ces différences médicales et de tous ces défis socioculturels lors du Symposium des premiers secouristes 2024 !<br><br><a href="https://www.ersthelfersymposium.ch/?page_id=1589&amp;lang=fr" data-type="page" data-id="1589">Les conférenciers / Documents / Galerie</a></p>



<hr class="wp-block-separator has-alpha-channel-opacity"/>



<h3 class="wp-block-heading">3. Symposium des Premiers Secouristes: Évaluation et traitement des plaies dans le service sanitaire</h3>



<h4 class="wp-block-heading">04 novembre 2023, Auditorium KKL Luzern</h4>



<p>Certains secouristes et ambulanciers d&#8217;entreprise sont capables d&#8217;évaluer un polytraumatisme et de prodiguer les premiers soins appropriés. Mais il en va souvent autrement pour l&#8217;évaluation et le traitement de plaies plus ou moins importantes. C&#8217;est pourquoi le troisième symposium des premiers secours, qui se tiendra le 4 novembre 2023 au KKL Luzern, sera précisément consacré à ce sujet. Les participants auront en outre la possibilité de s&#8217;entraîner au traitement des plaies au cours des ateliers suivants.<br><br><a href="https://www.ersthelfersymposium.ch/?page_id=1595&amp;lang=fr" data-type="page" data-id="1595">Les conférenciers / Documents / Galerie</a></p>



<hr class="wp-block-separator has-alpha-channel-opacity"/>



<h3 class="wp-block-heading">2. Symposium des Premiers Secouristes:&nbsp;&nbsp;la coopération entre les services d&#8217;urgences</h3>



<h4 class="wp-block-heading">05 novembre 2022, Auditorium KKL Lucerne</h4>



<p>En 2022, nous avons à nouveau accueilli 270 participants au symposium et avons donc fait salle comble.&nbsp;Nous avons suivi le déroulement d&#8217;un accident à l&#8217;aide de la chaîne de sauvetage. Des exposés passionnants, présentés par des professionnels de haut niveau issus des différentes organisations à feu bleu, ont couvert l&#8217;ensemble du processus, de l&#8217;alerte à la centrale d&#8217;appel d&#8217;urgence 144 au traitement vécu après une intervention, en passant par le service de sauvetage et les pompiers. Quatre conférenciers de renom ont guidé les participants à travers ces thèmes pendant une heure.&nbsp;Après chaque exposé, il restait beaucoup de temps et d&#8217;espace pour poser ses propres questions aux intervenants.&nbsp;</p>



<p>Dans le foyer devant l&#8217;auditorium, 17 exposants proposaient des offres adaptées à ces thèmes, qu&#8217;il s&#8217;agisse de produits, de cours ou d&#8217;autres prestations.&nbsp;<br><br><a href="https://www.ersthelfersymposium.ch/?page_id=1599&amp;lang=fr" data-type="page" data-id="1599">Les conférenciers / Documents / Galerie</a></p>



<hr class="wp-block-separator has-alpha-channel-opacity"/>



<h3 class="wp-block-heading">1. Symposium des Premiers Secouristes:&nbsp; L&#8217;accent a été mis sur les différents types de blessures.</h3>



<h4 class="wp-block-heading">06 novembre 2021, Auditorium KKL Lucerne<br>&nbsp;</h4>



<p>Les sanitaires d&#8217;enterprise&nbsp;, les samaritains, les secouristes et tous les autres secouristes et personnes intéressées par les premiers secours obtiennent une nouvelle plate-forme pour de nouvelles connaissances, de nouveaux contacts, de nouveaux produits et de nouveaux points de formation lors du symposium des secouristes.<br><br>En 2021, nous avons abordé les thèmes des brûlures, des blessures électriques, des blessures oculaires et des blessures dorsales. Quatre orateurs de renom ont abordé ces thèmes de manière passionnante pendant une heure chacun.</p>



<p>Après chaque conférence, il y avait beaucoup de temps et d&#8217;espace pour poser des questions aux orateurs.&nbsp;</p>



<p>Dans le foyer situé devant l&#8217;auditorium, un certain nombre d&#8217;exposants proposaient des offres adaptées à ces quatre thèmes, qu&#8217;il s&#8217;agisse de produits, de cours ou d&#8217;autres<br><br><a href="https://www.ersthelfersymposium.ch/?page_id=1603&amp;lang=fr" data-type="page" data-id="1603">Les conférenciers / Documents / Galerie</a></p>



<hr class="wp-block-separator has-alpha-channel-opacity"/>

<p>Symposiums précédents 5. Symposium des Premiers Secouristes: Secouristes &#8211; déjà un pied en prison ? 8 novembre 2025, Luzernersaal KKL Luzern Il existe de nombreux aspects juridiques liés aux premiers secours : le comportement à adopter sur les lieux de l&#8217;accident, l&#8217;utilisation des médias, l’administration de médicaments et bien d&#8217;autres choses encore. Il est certes peu [&hellip;]</p>
